 5, 35533
List the prime factors of 18936719.
18936719
What are the prime factors of 356319?
3, 53, 83
What are the prime factors of 172749?
3, 89, 647
List the prime factors of 3280976.
2, 47, 4363
List the prime factors of 76734.
2, 3, 7, 29
What are the prime factors of 19593809?
17, 971, 1187
What are the prime factors of 33273852?
2, 3, 79, 35099
What are the prime factors of 4009151?
4009151
List the prime factors of 7790752.
2, 243461
List the prime factors of 129370.
2, 5, 17, 761
What are the prime factors of 161950?
2, 5, 41, 79
What are the prime factors of 28192745?
5, 7, 805507
What are the prime factors of 1360136?
2, 17, 73, 137
List the prime factors of 20174187.
3, 11, 277, 2207
What are the prime factors of 4370789?
4370789
What are the prime factors of 24956890?
2, 5, 7, 79, 4513
List the prime factors of 5017172.
2, 1254293
What are the prime factors of 6937992?
2, 3, 173, 557
What are the prime factors of 860553?
3, 95617
What are the prime factors of 6492086?
2, 1109, 2927
List the prime factors of 925563.
3, 308521
List the prime factors of 21256522.
2, 7, 103, 14741
List the prime factors of 33607182.
2, 3, 7, 800171
What are the prime factors of 1792639?
593, 3023
What are the prime factors of 158324?
2, 39581
What are the prime factors of 3912823?
3912823
List the prime factors of 1701273.
3, 7, 81013
List the prime factors of 6180396.
2, 3, 19, 27107
What are the prime factors of 237278?
2, 29, 4091
What are the prime factors of 20032524?
2, 3, 556459
List the prime factors of 98599.
43, 2293
What are the prime factors of 5071225?
5, 109, 1861
What are the prime factors of 7695290?
2, 5, 41, 137
List the prime factors of 1775843.
1775843
List the prime factors of 24332280.
2, 3, 5, 7, 83, 349
What are the prime factors of 17980004?
2, 7, 19, 33797
What are the prime factors of 1892959?
541, 3499
What are the prime factors of 541264?
2, 33829
List the prime factors of 15325809.
3, 251, 20353
What are the prime factors of 939446?
2, 469723
List the prime factors of 11109185.
5, 2221837
What are the prime factors of 549134?
2, 17, 31, 521
List the prime factors of 686049.
3, 7, 13, 359
List the prime factors of 3160552.
2, 395069
List the prime factors of 271745.
5, 17, 23, 139
List the prime factors of 1871615.
5, 17, 97, 227
What are the prime factors of 8441217?
3, 37, 25349
List the prime factors of 555925.
5, 37, 601
List the prime factors of 380815.
5, 76163
What are the prime factors of 63810?
2, 3, 5, 709
List the prime factors of 3457284.
2, 3, 41, 7027
List the prime factors of 464252.
2, 277, 419
List the prime factors of 284148.
2, 3, 877
List the prime factors of 177849.
3, 7, 941
What are the prime factors of 481447?
481447
List the prime factors of 1758328.
2, 11, 13, 29, 53
List the prime factors of 363941.
363941
What are the prime factors of 298828?
2, 74707
What are the prime factors of 41478753?
3, 13826251
What are the prime factors of 102172?
2, 7, 41, 89
What are the prime factors of 1293835?
5, 29, 8923
What are the prime factors of 2079806?
2, 173, 6011
What are the prime factors of 142602?
2, 3, 23767
List the prime factors of 6723732.
2, 3, 560311
What are the prime factors of 15486356?
2, 41, 89, 1061
What are the prime factors of 907683?
3, 7, 43223
List the prime factors of 2679407.
2679407
What are the prime factors of 5082389?
13, 390953
What are the prime factors of 685531?
7, 11, 29, 307
List the prime factors of 122545.
5, 24509
What are the prime factors of 7984958?
2, 3992479
What are the prime factors of 3536989?
607, 5827
List the prime factors of 153546.
2, 3, 157, 163
List the prime factors of 12204121.
223, 54727
List the prime factors of 2980020.
2, 3, 5, 49667
What are the prime factors of 93878?
2, 73, 643
List the prime factors of 1160894.
2, 7, 101, 821
What are the prime factors of 4897483?
4897483
What are the prime factors of 662641?
7, 181, 523
What are the prime factors of 19717?
19717
What are the prime factors of 4128347?
617, 6691
What are the prime factors of 2426765?
5, 11, 44123
List the prime factors of 6017453.
13, 462881
What are the prime factors of 405743?
13, 23, 59
What are the prime factors of 445917?
3, 148639
What are the prime factors of 109912?
2, 11, 1249
What are the prime factors of 7759159?
37, 209707
List the prime factors of 5147409.
3, 67, 25609
List the prime factors of 3183025.
5, 127321
What are the prime factors of 1467?
3, 163
List the prime factors of 4723322.
2, 577, 4093
What are the prime factors of 420583?
43, 9781
List the prime factors of 21076.
2, 11, 479
List the prime factors of 115987.
115987
List the prime factors of 3133615.
5, 626723
List the prime factors of 221201.
221201
What are the prime factors of 411416?
2, 51427
List the prime factors of 3482025.
3, 5, 17, 2731
List the prime factors of 383248.
2, 17, 1409
What are the prime factors of 5618109?
3, 7, 17, 15737
What are the prime factors of 165911?
251, 661
List the prime factors of 21340.
2, 5, 11, 97
List the prime factors of 12534039.
3, 7, 198953
What are the prime factors of 228036?
2, 3, 31, 613
List the prime factors of 13631371.
13, 79, 1021
What are the prime factors of 174754?
2, 23, 29, 131
What are the prime factors of 4901151?
3, 17, 5653
What are the prime factors of 773134?
2, 571, 677
What are the prime factors of 5149995?
3, 5, 343333
What are the prime factors of 3586593?
3, 761, 1571
List the prime factors of 164062.
2, 82031
List the prime factors of 2200978.
2, 13, 84653
List the prime factors of 6365.
5, 19, 67
What are the prime factors of 4132686?
2, 3, 23, 29947
List the prime factors of 419048.
2, 7, 1069
List the prime factors of 33038022.
2, 3, 5506337
What are the prime factors of 3783505?
5, 11, 68791
List the prime factors of 5016990.
2, 3, 5, 11, 23, 661
What are the prime factors of 540171?
3, 47, 1277
What are the prime factors of 224826?
2, 3, 7, 53, 101
List the prime factors of 14407335.
3, 5, 106721
What are the prime factors of 15039708?
2, 3, 101, 12409
List the prime factors of 2797516.
2, 699379
List the prime factors of 3447411.
3, 11, 9497
What are the prime factors of 8927467?
59, 337, 449
What are the prime factors of 150452?
2, 29, 1297
List the prime factors of 472280.
2, 5, 11807
What are the prime factors of 1265823?
3, 13, 31, 349
What are the prime factors of 6408662?
2, 13, 19, 12973
List the prime factors of 321525.
3, 5, 1429
What are the prime factors of 3834763?
73, 131, 401
What are the prime factors of 615875?
5, 13, 379
List the prime factors of 230033.
19, 12107
What are the prime factors of 2118393?
3, 26153
What are the prime factors of 21517?
21517
What are the prime factors of 2151526?
2, 13, 83, 997
List the prime factors of 4788877.
47, 101891
List the prime factors of 495685.
5, 99137
What are the prime factors of 290385?
3, 5, 239
What are the prime factors of 2583530?
2, 5, 258353
List the prime factors of 640650.
2, 3, 5, 4271
List the prime factors of 193452.
2, 3, 7, 47
List the prime factors of 21450.
2, 3, 5, 11, 13
List the prime factors of 373628.
2, 93407
What are the prime factors of 17134737?
3, 29, 37, 5323
List the prime factors of 758968.
2, 7, 13553
List the prime factors of 249820.
2, 5, 12491
List the prime factors of 9221301.
3, 1024589
List the prime factors of 924482.
2, 13, 31, 37
What are the prime factors of 136556?
2, 7, 4877
List the prime factors of 122513.
101, 1213
What are the prime factors of 1853515?
5, 37, 43, 233
What are the prime factors of 30642?
2, 3, 5107
List the prime factors of 705096.
2, 3, 7, 1399
List the prime factors of 31782298.
2, 41, 53, 71, 103
List the prime factors of 554082.
2, 3, 92347
List the prime factors of 1130780.
2, 5, 7, 41, 197
What are the prime factors of 982923?
3, 17, 19273
What are the prime factors of 27746650?
2, 5, 19, 29207
List the prime factors of 1545463.
43, 127, 283
What are the prime factors of 39241?
39241
What are the prime factors of 17428943?
7, 2489849
List the prime factors of 276549.
3, 7, 13, 1013
What are the prime factors of 6887397?
3, 11, 17, 12277
What are the prime factors of 1270566?
2, 3, 11, 23, 31
List the prime factors of 6090111.
3, 676679
List the prime factors of 2355894.
2, 3, 17, 7699
What are th